 common divisor of 420246363 and 69?
69
Calculate the greatest common divisor of 230 and 2025886.
46
Calculate the greatest common divisor of 450489 and 6123.
39
What is the greatest common factor of 117024267 and 1603?
229
Calculate the highest common divisor of 40852 and 7084.
28
Calculate the greatest common factor of 336038040 and 268957.
15821
Calculate the highest common factor of 823482 and 253.
11
Calculate the highest common divisor of 175101056 and 8.
8
Calculate the highest common divisor of 52407920 and 20.
20
Calculate the greatest common factor of 25240 and 29160.
40
Calculate the highest common factor of 2822056 and 8.
8
Calculate the greatest common divisor of 78105 and 519675.
615
What is the greatest common factor of 1313 and 5584391?
101
Calculate the highest common factor of 101676 and 2253360.
2748
What is the greatest common divisor of 7341507 and 63?
9
What is the greatest common divisor of 14196 and 767598?
1014
Calculate the greatest common factor of 1441162 and 19614.
934
What is the greatest common divisor of 11629717 and 187?
187
Calculate the highest common divisor of 409710 and 197022.
42
Calculate the greatest common factor of 146840372 and 7728.
644
Calculate the greatest common divisor of 65936 and 1059552.
208
What is the highest common divisor of 326878 and 146848?
706
Calculate the highest common factor of 8444 and 108102199.
2111
What is the greatest common factor of 280 and 54424615?
35
Calculate the greatest common divisor of 151058336 and 4719.
1573
What is the greatest common divisor of 15940914 and 13112?
3278
What is the highest common divisor of 47929035 and 8925?
1785
What is the highest common factor of 29709 and 26667?
9
What is the greatest common divisor of 1890 and 10720890?
270
What is the highest common divisor of 16784 and 1088186444?
4196
What is the highest common factor of 4570046 and 110422?
3562
Calculate the greatest common factor of 14096907 and 231.
33
What is the highest common divisor of 148949617 and 305?
61
Calculate the highest common divisor of 123 and 252154059.
123
What is the highest common divisor of 8330 and 1089830?
70
Calculate the highest common factor of 4763 and 515066057.
4763
Calculate the greatest common divisor of 270266 and 1224.
34
What is the greatest common divisor of 7670 and 472295?
295
What is the greatest common factor of 6310416 and 2814?
42
Calculate the highest common divisor of 456 and 591033.
57
What is the greatest common factor of 2028641 and 553?
79
What is the highest common factor of 13510159 and 7885?
1577
Calculate the highest common divisor of 35 and 4348337.
7
What is the greatest common factor of 38684 and 956?
4
What is the greatest common factor of 53453825 and 25?
25
Calculate the greatest common factor of 71938392 and 23244.
1788
Calculate the greatest common factor of 489402114 and 2489.
2489
What is the greatest common divisor of 461249495 and 70?
35
Calculate the highest common factor of 3475 and 24893371.
139
What is the greatest common factor of 2590 and 1797236?
14
Calculate the highest common divisor of 3117 and 21905237.
1039
Calculate the highest common divisor of 788609 and 2201.
31
Calculate the highest common factor of 655175076 and 1337.
191
What is the highest common factor of 17824991 and 2215?
443
What is the highest common divisor of 12 and 391396?
4
What is the greatest common factor of 168010771 and 109092?
9091
Calculate the highest common divisor of 756 and 5256792.
108
Calculate the highest common factor of 768 and 113710848.
768
Calculate the highest common factor of 199680 and 585.
195
Calculate the highest common factor of 10605066 and 514572.
1878
Calculate the greatest common divisor of 702 and 8130798.
234
What is the highest common divisor of 504 and 6676984?
8
Calculate the highest common factor of 363229244 and 7504.
1876
Calculate the greatest common divisor of 1130302 and 1698.
566
What is the highest common divisor of 1477 and 1052350684?
1477
What is the greatest common divisor of 7569 and 279?
9
What is the greatest common factor of 2258074 and 532?
266
Calculate the highest common factor of 3913 and 1677559.
559
Calculate the highest common factor of 90 and 396347190.
30
What is the highest common factor of 305768 and 114404?
148
What is the highest common factor of 19136 and 18416192?
1472
What is the highest common factor of 9010 and 25898450?
530
Calculate the greatest common factor of 29498 and 816914.
602
What is the highest common divisor of 7742160 and 1872?
144
What is the highest common divisor of 670683 and 975?
39
Calculate the greatest common factor of 3 and 97812750.
3
Calculate the greatest common factor of 76440948 and 4.
4
Calculate the greatest common factor of 6256 and 265167.
23
What is the highest common divisor of 684770 and 13730?
10
What is the highest common factor of 2171976 and 672?
24
What is the highest common factor of 28187 and 3195?
71
Calculate the highest common factor of 22 and 57616900.
22
What is the greatest common factor of 50432348 and 20380?
4076
What is the highest common divisor of 40 and 1045064?
8
What is the greatest common factor of 2167905 and 2601825?
1695
Calculate the greatest common factor of 6 and 1237586.
2
What is the highest common factor of 3379899 and 1023?
93
Calculate the highest common divisor of 57 and 2001539.
1
What is the highest common divisor of 17555417 and 46?
23
Calculate the highest common factor of 141239 and 273.
7
Calculate the greatest common divisor of 12 and 26990772.
12
Calculate the highest common divisor of 9695 and 167685.
35
What is the highest common divisor of 5004467 and 24700?
247
Calculate the highest common factor of 588484 and 572.
52
What is the greatest common factor of 578 and 1262264722?
578
What is the highest common factor of 13365 and 25983045?
1485
What is the highest common factor of 29257 and 59551?
17
Calculate the highest common factor of 1773780 and 93765.
705
Calculate the highest common factor of 22358258 and 26.
26
Calculate the highest common factor of 336 and 113096.
8
What is the greatest common divisor of 108 and 2235036?
12
Calculate the highest common divisor of 5864121 and 801.
801
Calculate the greatest common divisor of 41561583 and 1547.
119
What is the highest common factor of 47355 and 125223?
21
What is the highest common factor of 7 and 365019235?
7
What is the greatest common factor of 81452430 and 27795?
1635
What is the greatest common divisor of 40463162 and 238?
34
Calculate the greatest common divisor of 591153224 and 664.
664
Calculate the greatest common factor of 784 and 108800384.
784
Calculate the highest common factor of 18507507 and 1049.
1049
Calculate the highest common divisor of 56 and 4029116.
28
Calculate the highest common divisor of 14714 and 4254558.
14
What is the greatest common factor of 129947 and 402901?
653
Calculate the highest common factor of 112911 and 28092627.
1851
Calculate the highest common divisor of 14627276 and 857.
857
Calculate the greatest common divisor of 4 and 1202034.
2
What is the highest common factor of 425 and 841805?
5
Calculate the highest common divisor of 82 and 255980384.
82
What is the greatest common divisor of 6044166 and 11954?
86
Calculate the highest common divisor of 4202482 and 597.
199
Calculate the highest common divisor of 396 and 1202148.
36
Calculate the greatest common factor of 11984218 and 7667.
697
What is the greatest common divisor of 19569907 and 17495?
3499
Calculate the highest common divisor of 1490 and 9710.
10
Calculate the highest common factor of 1586264781 and 102.
51
What is the greatest common factor of 3241 and 199908121?
3241
Calculate the highest common factor of 213261590 and 223.
223
Calculate the highest common factor of 80571691 and 23.
23
What is the highest common factor of 72 and 8500116?
12
Calculate the greatest common divisor of 8235 and 94005.
45
What is the greatest common factor of 243 and 1387869?
3
What is the highest common divisor of 2184 and 2303574?
546
What is the greatest common factor of 33 and 1592319?
3
Calculate the greatest common factor of 2562867 and 84456.
621
What is the greatest common factor of 27343 and 5952645?
739
What is the greatest common factor of 4440954